 be (-18)/(-3) + 0 - -2. Suppose 5*l - 2*s + 24 - 76 = 0, 0 = -l + s + z. Calculate the highest common divisor of 4 and l.
4
Let f(n) = -n**3 + 4*n**2 - 4. Let x be f(3). Calculate the highest common factor of x and 55.
5
Let t be (-1799)/(-2) + (-4)/(-8). Suppose -x - 3*x + t = 0. Suppose 0 = -0*z + 5*z - x. What is the greatest common divisor of z and 30?
15
Let q = 0 + 0. Suppose q = -3*u + 2*r + 110, -r + 181 = 5*u - 2*r. Let x be ((-33)/(-3) - 4) + 2. Calculate the highest common factor of x and u.
9
Let j = 4 - -4. Let i be ((-30)/j)/(4/(-48)). Let u(m) = -m + 5. Let a be u(-4). What is the highest common factor of i and a?
9
Let j be (4/(-2) - 0) + 7. Suppose -2*c - c = -15. Calculate the highest common factor of c and j.
5
Let m(q) = q**2 - 2*q - 1. Let o be m(-1). Suppose -4 = o*a - w - 86, 3*w = -3*a + 132. Calculate the highest common factor of a and 14.
14
Let g be -5 - (0 + -1 + 1). Let y(s) = s - 3. Let q be y(7). Let w be 62/q + g/(-10). Calculate the greatest common factor of w and 40.
8
Let b be 2/7 + 12/7. Suppose 20 = b*n + 6. Suppose -3*q + 20 = -n. What is the highest common factor of 1 and q?
1
Let q be 0 + 1 + (-100)/(-5). Suppose 3 = -3*r + q. Let c = -2 + r. Calculate the highest common factor of c and 16.
4
Suppose -288 = -3*u - 3*u. What is the greatest common factor of u and 6?
6
Let q be 2/(-6) + 61/3. Calculate the greatest common divisor of q and 5.
5
Let o = -13 - -17. What is the greatest common divisor of o and 1?
1
Let x = -85 - -121. Suppose -a - 2*a = -x. Calculate the highest common factor of a and 24.
12
Let x = 70 + -48. Let i(l) = -l**2 + 66. Let v be i(0). Suppose t + t = v. Calculate the greatest common factor of x and t.
11
Suppose -68 = -4*k + 16. What is the greatest common divisor of k and 21?
21
Let l(i) = -7*i + 4. Let p be l(0). Calculate the greatest common divisor of 16 and p.
4
Suppose 5*t - 12 = 33. What is the highest common factor of 1 and t?
1
Let l be 9/1 - (-3)/((-3)/2). Calculate the greatest common factor of 21 and l.
7
Let c be (-6)/(-33) - (-555)/33. Let a be (-5 + 4)*c/(-1). What is the highest common divisor of a and 170?
17
Let d = 188 - 92. Let n be (8/(-5) + 2)*30. What is the highest common divisor of d and n?
12
Suppose 5*v + 2*w - 109 = -2, -83 = -4*v + w. What is the highest common factor of 3 and v?
3
Let v = -192 + 109. Let m = 143 + v. What is the greatest common divisor of 40 and m?
20
Suppose 2*b - 3*h - 84 = 0, -3*b + 190 = -3*h + 58. Let f = -15 - -47. Calculate the greatest common factor of b and f.
16
Suppose -t = 6 - 10. Let o(p) = -p**3 + 4*p**2 + 8*p - 7. Let w be o(5). Suppose -w = -0*n - t*n. What is the highest common factor of n and 6?
2
Let y(t) = 20*t + 2*t**2 + t**3 - 2*t**3 - 18*t. Let w be y(-4). Calculate the greatest common factor of 8 and w.
8
Let w be 14/(-42) - (-2 - (-91)/(-3)). Calculate the greatest common divisor of w and 224.
32
Let g = 5 - 2. Suppose -4*v + 2 + g = -3*y, -v + 4*y - 2 = 0. Calculate the greatest common divisor of v and 2.
2
Let p(a) = -a**3 - 5*a**2 - 4*a - 8. Let n be p(-5). Calculate the greatest common factor of 72 and n.
12
Suppose -4*u - k - 4*k + 504 = 0, 0 = 4*u + 4*k - 504. What is the highest common factor of u and 9?
9
Let h be 1*(-3 - (-6 + 3)). Suppose h = y, -b + 2*b - 9 = -4*y. What is the greatest common divisor of b and 18?
9
Let y(f) = -f**3 + 4*f**2 + 5*f. Let a be y(4). Calculate the greatest common divisor of a and 80.
20
Let m(r) = 9*r**2 + r. Let y(j) = j**3 - j**2 - 2*j - 1. Let q be y(2). Let s be m(q). Suppose 0 + s = 4*k. What is the greatest common divisor of 1 and k?
1
Suppose 3*l - 76 - 287 = 0. What is the highest common factor of 11 and l?
11
Suppose 2*g = 5*r + 4*g - 13, 3*r - 7 = -2*g. Let z be 0/(0 - r) + 8. What is the highest common divisor of z and 20?
4
Suppose 0 = -l + 5*r - 3, -5*r - 4 = -4*l - r. Let w = 4 - l. Let s be w/(-1) - (1 - 15). Calculate the highest common factor of s and 132.
12
Let m(z) be the second derivative of -z**5/20 - z**4/12 - 4*z. Let p be m(-2). Calculate the highest common factor of 12 and p.
4
Let j be (-1)/1 + (-2 - -6). Suppose 0*r + j*r - 27 = 0. Calculate the highest common factor of 9 and r.
9
Suppose 0 = 4*r - p - 191, 0 = -0*r + 3*r - 3*p - 132. Calculate the highest common divisor of r and 7.
7
Let c(o) = o**2 - 7*o - 7. Let f be c(7). Let q = f - -12. Calculate the highest common divisor of 40 and q.
5
Let g = 14 + -6. Let n be (3 - (6 - 1)) + g. Calculate the highest common divisor of n and 4.
2
Suppose 4 = 2*b + 8. Let y(i) = -3*i. Let x be y(b). What is the greatest common factor of x and 66?
6
Suppose 5*u - 5 - 10 = 0. Suppose -4*d + 18 = -2*d. Calculate the greatest common factor of u and d.
3
Suppose -1 = 2*a + 3*b + 4, 15 = 2*a - b. Suppose -3*o = -5*l - 13, 4*o - a*l - 19 = -0. Calculate the highest common divisor of o and 9.
3
Suppose -4*g + 567 = 5*g. Calculate the highest common divisor of g and 9.
9
Let z(y) = -y**2 - 30*y. Let p be z(-5). Let f = 61 - 36. What is the highest common factor of p and f?
25
Suppose 0 = -3*k - k + 480. Let r be -28*(5/(-15) - 116/84). Calculate the highest common divisor of r and k.
24
Let y = 23 + -19. Let t(p) = p**2 - 6*p + 4. Let h be t(6). Calculate the greatest common factor of h and y.
4
Let u(b) = b**2 + 6*b - 7. Let j be u(3). Calculate the highest common factor of j and 80.
20
Let b = 15 - 17. Let d = 2 + 3. Let j be d*(b + (-28)/(-5)). What is the highest common factor of 12 and j?
6
Let g be (-1300)/(-18) - 24/108. Calculate the greatest common divisor of g and 8.
8
Suppose 2*n = 122 + 220. Let y be -1 - (-5)/((-15)/(-81)). Suppose 0 = -4*w + 50 + y. Calculate the greatest common divisor of w and n.
19
Let m = -69 + 83. Calculate the greatest common divisor of 56 and m.
14
Let k be (1 + 6)/(2/(-70)). Let i = k - -344. Suppose -2*q = q - h - 38, 5*h + 25 = 0. What is the greatest common factor of q and i?
11
Let a be -6 - -9 - (1 - 1). Calculate the highest common factor of a and 2.
1
Let s be -1 + -1 + (17 - 7). Calculate the highest common divisor of s and 12.
4
Let f(l) = -2*l**2 + 3*l - 1. Let a(b) = -10*b**2 + 16*b - 4. Let u(y) = 3*a(y) - 16*f(y). Let c be u(-4). What is the highest common factor of 54 and c?
18
Let w be (8/5)/((-4)/(-10)). What is the greatest common divisor of 20 and w?
4
Let s = 55 - 41. Calculate the highest common factor of 112 and s.
14
Let b(l) = 2*l**2 + 8*l + 7. Let r be b(-5). Let t = -6 + r. Let q = 19 - t. Calculate the highest common divisor of 1 and q.
1
Let g = 7 - 1. Let b(q) = 2*q**2 - 10*q + 13. Let o be b(g). Calculate the highest common factor of 175 and o.
25
Let g be 24/(-3) + (-1 - -1). Let v(n) = -n**2 - 10*n - 8. Let d be v(g). Suppose -q = -3*q + d. Calculate the highest common factor of 44 and q.
4
Let l = 0 + 10. Let r be ((-366)/(-4))/(1/2). Let c = r + -73. Calculate the greatest common divisor of c and l.
10
Let m be 1 - (-2)/(-3)*-3. Suppose -m*p + 17 = 2*d - 47, 60 = 2*d + 4*p. Suppose -5*i = -d - 42. Calculate the greatest common factor of i and 80.
16
Suppose 13 - 3 = 5*b. Suppose -b*w = -5 - 5. Suppose 3*j = w*j - 44. What is the greatest common factor of 11 and j?
11
Let i = 0 - 5. Let f be (-404)/(-20) - (-1)/i. What is the greatest common factor of 30 and f?
10
Let i be (-4)/18 - 526/(-18). Suppose i = f - x, 10 = 5*x + 35. What is the highest common factor of f and 36?
12
Let r(x) be the third derivative of -x**6/120 + 7*x**5/60 + x**4/3 + 2*x**3/3 - x**2. Let d be r(8). What is the highest common factor of 1 and d?
1
Suppose -65 = 5*s - 5*v, -v + 0 + 4 = 0. Let b be 57/s + 2/6. Let w(h) = h**2 + 3*h - 6. Let x be w(b). Calculate the highest common factor of x and 6.
6
Suppose -3*b - 2*p = -90, -3*b = p + 4*p - 81. What is the greatest common divisor of b and 16?
16
Let t(g) be the second derivative of g**4/6 - 7*g**3/6 + 3*g**2 - g. Let a be t(4). Let l = 69 - -1. What is the highest common divisor of l and a?
10
Let h = 58 - 85. Let q = h + -46. Let y be -2*(-2 + q/2). What is the greatest common divisor of y and 11?
11
Let u(d) = d**2 + d + 1. Let s be u(-3). Suppose 0 = -3*y - 5*a + 85, s*y + 5*a - 125 = 2*y. What is the highest common divisor of 180 and y?
20
Suppose 17*r - 198 = 142. Let g = 63 + -13. Calculate the highest comm